{"id":16,"date":"2013-07-12T21:18:23","date_gmt":"2013-07-12T20:18:23","guid":{"rendered":"http:\/\/test.uar.es\/?page_id=16"},"modified":"2024-10-09T12:03:36","modified_gmt":"2024-10-09T10:03:36","slug":"entrenadors","status":"publish","type":"page","link":"https:\/\/uar.es\/?page_id=16","title":{"rendered":"Entrenadors"},"content":{"rendered":"\n<p><strong>Director d&#8217;escola<\/strong><\/p>\n\n\n\n<p>Ernesto Alonso Roda<\/p>\n\n\n\n<p><strong>Entrenador<\/strong>s<\/p>\n\n\n\n<figure class=\"wp-block-table is-style-stripes\"><table><tbody><tr><td><strong>Entrenador del grup de veterans<\/strong><br>&#8212;&#8211;<\/td><td><strong>Entrenador\u00a0de llan\u00e7aments<\/strong><br>Joan Segarra<\/td><\/tr><tr><td><strong>Entrenador del grup de fons i mig fons<\/strong><br>Jordi Salvador<\/td><td><strong>Entrenador&nbsp;de Km0<\/strong><br>Roger Sarda\u00f1\u00e9s<\/td><\/tr><tr><td> <strong>Entrenador SUB20 i SUB23<\/strong><br><strong>(Valles, velocitat i salts)<\/strong><br>Jairo Lorenzo<\/td><td><strong>Entrenador SUB18<\/strong><br>Ernesto Alonso Roda<\/td><\/tr><tr><td><\/td><td><\/td><\/tr><tr><td><strong>Entrenadors SUB16 (PRE-TECNIFICACI\u00d3) i SUB14<\/strong><br>Pol Cordero<br>Luc\u00eda Vel\u00e1zquez<\/td><td><br><\/td><\/tr><tr><td><strong>Entrenadors SUB12<\/strong><br>Vicente Blasco<br>Anna Blasco<\/td><td><strong>Entrenadors SUB10<\/strong><br>Marc L\u00f3pez<br>J\u00falia Garc\u00eda<\/td><\/tr><tr><td><strong>Entrenadors SUB8<\/strong><br>Gemma Vel\u00e1zquez<br>Oriol Pablo<\/td><td><\/td><\/tr><tr><td><strong>Entrenadors de suport<\/strong><br>&#8212;&#8211;<\/td><td><\/td><\/tr><tr><td><\/td><td><\/td><\/tr><\/tbody><\/table><\/figure>\n\n\n\n<p><\/p>\n","protected":false},"excerpt":{"rendered":"<p>Director d&#8217;escola Ernesto Alonso Roda Entrenadors Entrenador del grup de veterans&#8212;&#8211; Entrenador\u00a0de llan\u00e7amentsJoan Segarra Entrenador del grup de fons i mig fonsJordi Salvador Entrenador&nbsp;de Km0Roger Sarda\u00f1\u00e9s Entrenador SUB20 i SUB23(Valles, velocitat i salts)Jairo Lorenzo Entrenador SUB18Ernesto Alonso Roda Entrenadors SUB16 (PRE-TECNIFICACI\u00d3) i SUB14Pol CorderoLuc\u00eda Vel\u00e1zquez Entrenadors SUB12Vicente BlascoAnna Blasco Entrenadors SUB10Marc L\u00f3pezJ\u00falia Garc\u00eda Entrenadors SUB8Gemma [&hellip;]<\/p>\n","protected":false},"author":1,"featured_media":0,"parent":0,"menu_order":0,"comment_status":"closed","ping_status":"closed","template":"","meta":[],"_links":{"self":[{"href":"https:\/\/uar.es\/index.php?rest_route=\/wp\/v2\/pages\/16"}],"collection":[{"href":"https:\/\/uar.es\/index.php?rest_route=\/wp\/v2\/pages"}],"about":[{"href":"https:\/\/uar.es\/index.php?rest_route=\/wp\/v2\/types\/page"}],"author":[{"embeddable":true,"href":"https:\/\/uar.es\/index.php?rest_route=\/wp\/v2\/users\/1"}],"replies":[{"embeddable":true,"href":"https:\/\/uar.es\/index.php?rest_route=%2Fwp%2Fv2%2Fcomments&post=16"}],"version-history":[{"count":35,"href":"https:\/\/uar.es\/index.php?rest_route=\/wp\/v2\/pages\/16\/revisions"}],"predecessor-version":[{"id":4276,"href":"https:\/\/uar.es\/index.php?rest_route=\/wp\/v2\/pages\/16\/revisions\/4276"}],"wp:attachment":[{"href":"https:\/\/uar.es\/index.php?rest_route=%2Fwp%2Fv2%2Fmedia&parent=16"}],"curies":[{"name":"wp","href":"https:\/\/api.w.org\/{rel}","templated":true}]}}

<p><strong>Director d&#8217;escola</strong></p>



<p>Ernesto Alonso Roda</p>



<p><strong>Entrenador</strong>s</p>



<figure class="wp-block-table is-style-stripes"><table><tbody><tr><td><strong>Entrenador del grup de veterans</strong><br>&#8212;&#8211;</td><td><strong>Entrenador de llançaments</strong><br>Joan Segarra</td></tr><tr><td><strong>Entrenador del grup de fons i mig fons</strong><br>Jordi Salvador</td><td><strong>Entrenador&nbsp;de Km0</strong><br>Roger Sardañés</td></tr><tr><td> <strong>Entrenador SUB20 i SUB23</strong><br><strong>(Valles, velocitat i salts)</strong><br>Jairo Lorenzo</td><td><strong>Entrenador SUB18</strong><br>Ernesto Alonso Roda</td></tr><tr><td></td><td></td></tr><tr><td><strong>Entrenadors SUB16 (PRE-TECNIFICACIÓ) i SUB14</strong><br>Pol Cordero<br>Lucía Velázquez</td><td><br></td></tr><tr><td><strong>Entrenadors SUB12</strong><br>Vicente Blasco<br>Anna Blasco</td><td><strong>Entrenadors SUB10</strong><br>Marc López<br>Júlia García</td></tr><tr><td><strong>Entrenadors SUB8</strong><br>Gemma Velázquez<br>Oriol Pablo</td><td></td></tr><tr><td><strong>Entrenadors de suport</strong><br>&#8212;&#8211;</td><td></td></tr><tr><td></td><td></td></tr></tbody></table></figure>



<p></p>

<p>Director d&#8217;escola Ernesto Alonso Roda Entrenadors Entrenador del grup de veterans&#8212;&#8211; Entrenador de llançamentsJoan Segarra Entrenador del grup de fons i mig fonsJordi Salvador Entrenador&nbsp;de Km0Roger Sardañés Entrenador SUB20 i SUB23(Valles, velocitat i salts)Jairo Lorenzo Entrenador SUB18Ernesto Alonso Roda Entrenadors SUB16 (PRE-TECNIFICACIÓ) i SUB14Pol CorderoLucía Velázquez Entrenadors SUB12Vicente BlascoAnna Blasco Entrenadors SUB10Marc LópezJúlia García Entrenadors SUB8Gemma [&hellip;]</p>
