{"id":5,"date":"2013-07-12T21:06:17","date_gmt":"2013-07-12T20:06:17","guid":{"rendered":"http:\/\/test.uar.es\/?page_id=5"},"modified":"2018-12-09T17:55:44","modified_gmt":"2018-12-09T15:55:44","slug":"histria-del-club","status":"publish","type":"page","link":"https:\/\/uar.es\/?page_id=5","title":{"rendered":"Hist\u00f2ria del club"},"content":{"rendered":"<p style=\"text-align: justify\"><img loading=\"lazy\" class=\"aligncenter\" src=\"http:\/\/i.imgur.com\/Qmo4Y.png\" alt=\"\" width=\"157\" height=\"144\" \/><br \/>\nL\u00b4atletisme a Rub\u00ed es remunta a l\u00b4Edat Mitjana, segons l\u00b4historiador local Josep Serra. Aix\u00ed, l\u00b4any 1486 se celebr\u00e0 una \u201ccursa a peu\u201d, en una manifestaci\u00f3 esportiva de car\u00e0cter popular, que se celebrava entorn d\u00b4un trajecte assenyalat, en la qual el guanyador rebia un anell d\u00b4or, que havia d\u00b4entregar a la noia per ell preferida. En l\u00b4any 1488 el premi era \u201cuna verga d\u00b4or\u201d, el 1500, \u201cun parell d\u00b4\u00e0necs\u201d i el 1509, \u201cun molt\u00f3\u201d. En el 1926 se celebraren unes proves atl\u00e8tiques, en un congr\u00e9s esperantista, organitzat pel Centre Democr\u00e0tic Republic\u00e0.<\/p>\n<p style=\"text-align: justify\">En el maig del 1934, en la Festa de la Primavera, se celebraren unes proves atl\u00e8tiques, en les quals participaren atletes de Terrassa, Sabadell i Sant Cugat.<\/p>\n<p style=\"text-align: justify\">En el 1935, amb el desig de fomentar la pr\u00e0ctica atl\u00e8tica, en la UE Rub\u00ed es form\u00e0 una secci\u00f3 atl\u00e8tica, el president de la qual fou Ramon Serra.<\/p>\n<p style=\"text-align: justify\">Despr\u00e9s de la Guerra Civil, en el 1954, es disput\u00e0 una cursa de cros pels carrers de Rub\u00ed, organitzada pel Casino Espanyol, que guany\u00e0 Gregorio Rojo, i el segon fou el nostre Jaume Guix\u00e0.<\/p>\n<p style=\"text-align: justify\">En el novembre de 1960 es form\u00e0 la Secci\u00f3 d\u00b4Atletisme de la UE Rub\u00ed, que qued\u00e0 a c\u00e0rrec dels senyors Ricart, pare i fill. Els atletes rubinencs participaren en diferents proves a Rub\u00ed i Barcelona, amb for\u00e7a \u00e8xit.<\/p>\n<p style=\"text-align: justify\">En el 1972, el Frente de Juventudes organitza el Cros Escolar de Rub\u00ed entre els alumnes de les escoles rubinenques. Aquest cros se celebr\u00e0 els anys 1973-1974-1975-1976-1977.<\/p>\n<p style=\"text-align: justify\">En el 1977 va n\u00e9ixer el GAER, un club dedicat a la gimn\u00e0stica. Dintre el mateix club sorg\u00ed un grup d\u00b4afeccionats a l\u00b4atletisme, que formaren una secci\u00f3. L\u00b4any 1983 s\u00b4aconsegueix formar un equip complet, que disputa campionats de Catalunya.<\/p>\n<p style=\"text-align: justify\">En el 1979, organitzat pel GAER, se celebra el primer Cros de Rub\u00ed, en el bosc de Ca n&#8217;Oriol, cursa de molta tradici\u00f3, en la qual participenatletes de tot Catalunya. Enguany es correr\u00e0 la XXV edici\u00f3.<\/p>\n<p style=\"text-align: justify\">En el 1993, per necessitats burocr\u00e0tiques federatives es varen haver de separar les seccions de gimn\u00e0stica i d\u00b4atletisme, i s\u00b4acord\u00e0 formar un club dedicat nom\u00e9s a l\u00b4atletisme, amb el nom d\u2019UNI\u00d3 ATL\u00c8TICA RUB\u00cd.<\/p>\n<p style=\"text-align: justify\">Una altra prova atl\u00e8tica de la qual la UAR est\u00e0 orgullosa, \u00e9s la\u201dPujada a Sant Mu\u00e7\u201d, de 10 quil\u00f2metres. Cursa que ha aconseguit obtenir un destacat nom en l\u00b4atletisme catal\u00e0. Comen\u00e7ada en l\u00b4any 1989, enguany es correr\u00e0 la XIV edici\u00f3.<\/p>\n<p style=\"text-align: justify\">Uni\u00f3 Atl\u00e9tica Rubi, actualment \u00e9s l\u00b4\u00fanic club d\u00b4atletisme rubinenc, amb molts socis i atletes, amb l\u00b4Escola Municipal d\u00b4Atletisme, un nombr\u00f3s grup d\u00b4atletes veterans, una magn\u00edfica pista de tart\u00e0 i un planter d\u00b4atletes, de joves a s\u00e8niors, que participen en la Lliga Catalana i que aviat donaran excel\u2022lents resultats.<\/p>\n","protected":false},"excerpt":{"rendered":"<p>L\u00b4atletisme a Rub\u00ed es remunta a l\u00b4Edat Mitjana, segons l\u00b4historiador local Josep Serra. Aix\u00ed, l\u00b4any 1486 se celebr\u00e0 una \u201ccursa a peu\u201d, en una manifestaci\u00f3 esportiva de car\u00e0cter popular, que se celebrava entorn d\u00b4un trajecte assenyalat, en la qual el guanyador rebia un anell d\u00b4or, que havia d\u00b4entregar a la noia per ell preferida. En [&hellip;]<\/p>\n","protected":false},"author":1,"featured_media":0,"parent":0,"menu_order":0,"comment_status":"closed","ping_status":"closed","template":"","meta":[],"_links":{"self":[{"href":"https:\/\/uar.es\/index.php?rest_route=\/wp\/v2\/pages\/5"}],"collection":[{"href":"https:\/\/uar.es\/index.php?rest_route=\/wp\/v2\/pages"}],"about":[{"href":"https:\/\/uar.es\/index.php?rest_route=\/wp\/v2\/types\/page"}],"author":[{"embeddable":true,"href":"https:\/\/uar.es\/index.php?rest_route=\/wp\/v2\/users\/1"}],"replies":[{"embeddable":true,"href":"https:\/\/uar.es\/index.php?rest_route=%2Fwp%2Fv2%2Fcomments&post=5"}],"version-history":[{"count":6,"href":"https:\/\/uar.es\/index.php?rest_route=\/wp\/v2\/pages\/5\/revisions"}],"predecessor-version":[{"id":2382,"href":"https:\/\/uar.es\/index.php?rest_route=\/wp\/v2\/pages\/5\/revisions\/2382"}],"wp:attachment":[{"href":"https:\/\/uar.es\/index.php?rest_route=%2Fwp%2Fv2%2Fmedia&parent=5"}],"curies":[{"name":"wp","href":"https:\/\/api.w.org\/{rel}","templated":true}]}}