{"id":9,"date":"2013-07-12T21:15:28","date_gmt":"2013-07-12T20:15:28","guid":{"rendered":"http:\/\/test.uar.es\/?page_id=9"},"modified":"2025-06-20T11:05:53","modified_gmt":"2025-06-20T09:05:53","slug":"junta-directiva","status":"publish","type":"page","link":"https:\/\/uar.es\/?page_id=9","title":{"rendered":"Junta directiva"},"content":{"rendered":"\n<p>La junta directiva de la Uni\u00f3 Atl\u00e8tica Rub\u00ed est\u00e0 formada per<\/p>\n\n\n\n<p><strong>President<\/strong><\/p>\n\n\n\n<p>Jairo Lorenzo del Pino<\/p>\n\n\n\n<p><\/p>\n\n\n\n<p><strong>Secretari<\/strong><\/p>\n\n\n\n<p>Tarama Willems Houben<\/p>\n\n\n\n<p><strong>Tresorer<\/strong><\/p>\n\n\n\n<p>C\u00e9sar Alberto Iglesias Feijoo<\/p>\n\n\n\n<p><\/p>\n\n\n\n<p>I els seg\u00fcents directius:<\/p>\n\n\n\n<p>Jordi Salvador<\/p>\n\n\n\n<p>Sandra Alacid<\/p>\n\n\n\n<p>Ernesto Alonso Roda<\/p>\n\n\n\n<p><\/p>\n\n\n\n<p><\/p>\n","protected":false},"excerpt":{"rendered":"<p>La junta directiva de la Uni\u00f3 Atl\u00e8tica Rub\u00ed est\u00e0 formada per President Jairo Lorenzo del Pino Secretari Tarama Willems Houben Tresorer C\u00e9sar Alberto Iglesias Feijoo I els seg\u00fcents directius: Jordi Salvador Sandra Alacid Ernesto Alonso Roda<\/p>\n","protected":false},"author":1,"featured_media":0,"parent":0,"menu_order":0,"comment_status":"closed","ping_status":"closed","template":"","meta":[],"_links":{"self":[{"href":"https:\/\/uar.es\/index.php?rest_route=\/wp\/v2\/pages\/9"}],"collection":[{"href":"https:\/\/uar.es\/index.php?rest_route=\/wp\/v2\/pages"}],"about":[{"href":"https:\/\/uar.es\/index.php?rest_route=\/wp\/v2\/types\/page"}],"author":[{"embeddable":true,"href":"https:\/\/uar.es\/index.php?rest_route=\/wp\/v2\/users\/1"}],"replies":[{"embeddable":true,"href":"https:\/\/uar.es\/index.php?rest_route=%2Fwp%2Fv2%2Fcomments&post=9"}],"version-history":[{"count":32,"href":"https:\/\/uar.es\/index.php?rest_route=\/wp\/v2\/pages\/9\/revisions"}],"predecessor-version":[{"id":4308,"href":"https:\/\/uar.es\/index.php?rest_route=\/wp\/v2\/pages\/9\/revisions\/4308"}],"wp:attachment":[{"href":"https:\/\/uar.es\/index.php?rest_route=%2Fwp%2Fv2%2Fmedia&parent=9"}],"curies":[{"name":"wp","href":"https:\/\/api.w.org\/{rel}","templated":true}]}}

<p>La junta directiva de la Unió Atlètica Rubí està formada per</p>



<p><strong>President</strong></p>



<p>Jairo Lorenzo del Pino</p>



<p></p>



<p><strong>Secretari</strong></p>



<p>Tarama Willems Houben</p>



<p><strong>Tresorer</strong></p>



<p>César Alberto Iglesias Feijoo</p>



<p></p>



<p>I els següents directius:</p>



<p>Jordi Salvador</p>



<p>Sandra Alacid</p>



<p>Ernesto Alonso Roda</p>



<p></p>



<p></p>

<p>La junta directiva de la Unió Atlètica Rubí està formada per President Jairo Lorenzo del Pino Secretari Tarama Willems Houben Tresorer César Alberto Iglesias Feijoo I els següents directius: Jordi Salvador Sandra Alacid Ernesto Alonso Roda</p>
